nder when z is divided by 23.
22
Let b(s) = 0*s**2 - 3 + 2 + 2 + 5*s**2. What is the remainder when 11 is divided by b(1)?
5
Let b be (3 + (-19)/7)*7. Suppose 4*j - 4 = 0, 1 = 2*t - 3*j - b. What is the remainder when t is divided by 2?
1
Suppose 0 = 5*n - 6 - 9. Suppose -3*g + 4*g = n. Calculate the remainder when 14 is divided by g.
2
Let y(a) = -6*a. Let c be (-1)/(-2)*-4 - -3. Calculate the remainder when ((-6)/18)/(c/(-102)) is divided by y(-2).
10
Suppose 0 = 12*v - 8*v - 5*r - 86, 5*v - 103 = 4*r. What is the remainder when 131 is divided by v?
17
Let v = 262 + -155. What is the remainder when v is divided by 36?
35
Let z = 96 - 61. What is the remainder when z is divided by 19?
16
Let j(b) = -b**3 + 4*b**2 + 4*b + 6. Let x be j(5). Let z = x - -5. Let q = -21 - -42. What is the remainder when q is divided by z?
3
Let l(d) = 18*d**2 - d + 1. Let b(h) = h**3 - h**2 + h - 2. Let m be b(0). What is the remainder when l(m) is divided by 19?
18
What is the remainder when 31 is divided by (0 + -1 + 0)/(2/(-32))?
15
Let l = 3 + -2. What is the remainder when 1 is divided by l?
0
Suppose -10 = 2*n, -5*n - 145 = 4*w - 9*w. Let i = w - -21. Suppose -5*o + 2*z + 12 + 26 = 0, 5*z - i = -5*o. What is the remainder when 22 is divided by o?
6
Let g(y) = 1 + 3 + 3*y**2 + 5*y - 2. Let s = -13 + 53. What is the remainder when s is divided by g(-3)?
12
Let w(d) = 9*d**2 + 2. Let j(g) = g**2 - 5*g + 4. Calculate the remainder when w(-2) is divided by j(6).
8
Suppose 4*y = -75 - 25. Let l = y + 38. Suppose 6*v = 5*v + 8. What is the remainder when l is divided by v?
5
Let b(y) = 3*y**2 - 11*y + 5. What is the remainder when b(5) is divided by 13?
12
Let o = 32 + 2. Suppose -u - 3*n + 1 = 0, 4*u + 5*n - 3*n - o = 0. What is the remainder when 17 is divided by u?
7
Suppose 4*l = -5 - 3. Let y be 4 - (l - -3)*1. Calculate the remainder when y/((-3)/1) - -8 is divided by 5.
2
Suppose 0 = -0*q - 3*q + 27. What is the remainder when q is divided by 6?
3
Suppose 90 = -2*v + 5*v. Calculate the remainder when 56 is divided by v.
26
What is the remainder when 37/2 + (27/(-6) - -4) is divided by 5?
3
Let j = -52 - -87. Let i = -27 - -39. Calculate the remainder when j is divided by i.
11
Let y = 13 + 2. Let p(g) = 6*g**3 - 2*g**2 + 2*g - 1. What is the remainder when p(2) is divided by y?
13
Let g(z) = -z**2 - 13*z. Let x be g(-13). Suppose 2*h + 4 = x, h - 8 = -4*s + 42. Calculate the remainder when 50 is divided by s.
11
Let v = -61 + 95. What is the remainder when v is divided by 4?
2
Let s be (-12)/(-54) - 951/27. Let d = s + 59. Calculate the remainder when d is divided by 15.
9
Suppose -2*d - 5*f + 445 = 64, -738 = -4*d - 2*f. What is the remainder when d is divided by 37?
35
Suppose 0 = w - 48 - 32. Calculate the remainder when w is divided by 9.
8
Let f(j) = 19*j**3 - 5*j**2 + 6*j - 5. What is the remainder when f(2) is divided by 35?
34
Let g = -4 - -1. Calculate the remainder when (30/g)/(0 + -1) is divided by 6.
4
Let m = 13 - 32. Let g = m + 40. Calculate the remainder when g is divided by (22/8)/((-5)/(-20)).
10
Suppose -3*n + 10 = 5*q, -n - 9 = -q - 23. Calculate the remainder when 48 is divided by n.
8
Suppose 4*i - 3*f - 2*f = 52, 4*f = -16. Calculate the remainder when (-45)/(-6)*i/10 is divided by (9 + 1)*(-4)/(-10).
2
Let n be 2/(-3)*9/6. Let i = 27 - 9. What is the remainder when i is divided by n*(-14 - -2) + -2?
8
Let w(k) = 3*k**2 + 8*k + 9. Calculate the remainder when 64 is divided by w(-4).
14
Suppose -4*t = 6*l - l - 75, 0 = l - 3*t - 34. Let o = 31 - l. Calculate the remainder when (2 + 1 + (-16)/(-4))*5 is divided by o.
11
Suppose 3*k + 12 = 0, -7*q + 174 = -2*q + 4*k. Calculate the remainder when 111 is divided by q.
35
Let x = 3 - 4. Let y(s) = 1 + 0 - 2 - 7*s. Calculate the remainder when 17 is divided by y(x).
5
Let g(p) = 3*p**2 + 47*p + 20. Calculate the remainder when 249 is divided by g(-16).
33
Let h(f) = 8*f - 6. Let l be h(5). Suppose 98 = 4*m + l. Suppose -4*r - 3*c - 7 = -28, -4*c + 7 = 3*r. Calculate the remainder when m is divided by r.
7
Suppose -2*c = 6*z - z - 100, -c = -2*z + 49. Suppose -5*h = 5*i + 1 - 71, i = 4*h - 46. Calculate the remainder when z is divided by h.
10
Suppose -2*q + 75 = q - 5*u, 2*q - 28 = -4*u. Suppose -3*d - d - 72 = 3*a, 4*d - 2*a = -52. Let w = d - -22. Calculate the remainder when q is divided by w.
6
Let q(f) = f**2 - 6*f - 2. Let t be q(7). Suppose t*u - 13 = 17. Calculate the remainder when 9 is divided by u.
3
Suppose -12 = -13*w + 53. What is the remainder when 25 is divided by w?
0
Let l = -7 + 5. What is the remainder when 31 is divided by -2*(0 + 11/l)?
9
Suppose 0 = -6*k + 300 - 96. What is the remainder when k is divided by 20?
14
What is the remainder when 27 is divided by -4*(-2 + 21/12) - -2?
0
Let b be 89/(-7) - 2/7. Let i = b - -29. Let c = -82 - -128. Calculate the remainder when c is divided by i.
14
Suppose -s - s + 4 = 0. Suppose 0*z = -s*z + 8. Suppose 0*m - 81 = -3*f - m, -z*f - m + 109 = 0. What is the remainder when f is divided by 10?
8
Let c = 160 - 23. What is the remainder when c is divided by 35?
32
Suppose -179 = -14*g - 11. What is the remainder when 130 is divided by g?
10
Suppose 35 = 5*g - 5*p, 4*g + 0*p = 5*p + 25. Suppose -r - g = r. Let j = r - -9. What is the remainder when 10 is divided by j?
2
Suppose s + 0*s - 3 = 0. Let w be (-11)/(-1) - (6 - s). Suppose -4*l + w = -2*l. What is the remainder when l is divided by 3?
1
Let w(m) = -114*m. Let f be w(3). Let o be ((-4)/(-6))/((-12)/f). Suppose r - 44 = -2*h - o, r + h = 23. What is the remainder when r is divided by 11?
10
Let i = 22 - -89. Suppose -4*n + i = -n. Suppose -m = -0*m - 13. Calculate the remainder when n is divided by m.
11
Let b be (12/(-30))/((-2)/340). Suppose j - 34 = -j - 2*x, x = 4*j - b. Calculate the remainder when j is divided by 5.
2
Suppose -l + 1 = -4. What is the remainder when 8 is divided by l?
3
Let n be -10*14/(-4) + 1. Let h = -21 + n. What is the remainder when 59 is divided by h?
14
Let d(t) = -4*t. Let u(l) = 2*l**2 + 8*l - 2. Let s be (-9 + 7)/(2/6). What is the remainder when u(s) is divided by d(-2)?
6
Suppose -4*n = -250 - 154. Calculate the remainder when n is divided by 27.
20
Calculate the remainder when 34*(17/2 - 4) is divided by 22.
21
Suppose 2*i = -5*m + 66, i - m = -0*i + 40. Calculate the remainder when i is divided by 5.
3
Let a = -17 + 69. Suppose 0*r + a = r. Calculate the remainder when r is divided by 18.
16
Suppose 0 = 2*r - 61 - 9. What is the remainder when r is divided by 9?
8
Suppose 11 = 4*p - 13. What is the remainder when 60 is divided by 2/p - (-372)/18?
18
Let u = -2 - -7. Suppose -u*a + 85 + 110 = 0. What is the remainder when a is divided by 10?
9
Suppose -11 = -3*a + 1, 5*t = -5*a + 130. Suppose -4*q + 189 = g, -3*q + 4*g + 115 + t = 0. What is the remainder when q is divided by 1*((-16)/(-1))/1?
15
Let o(i) = -i**2 - 10*i - 11. Let n be o(-9). What is the remainder when 15 is divided by n/(-3)*63/7?
3
Suppose 0 = -3*f + 4*y + 50, -2 + 22 = 3*f + 2*y. What is the remainder when 27 is divided by f?
7
Suppose c - 12 = -3*c. Let y(s) be the second derivative of s**3 + s**2/2 - 2*s. What is the remainder when y(c) is divided by 10?
9
Suppose o + 3 = 0, -v - o = 2*o - 2. Let k be (2 + -4 - -3)*55. Suppose 0 = -4*i + 8, 2*i - 73 - k = -4*a. Calculate the remainder when a is divided by v.
9
What is the remainder when (-5 - -8) + 0 + 18 is divided by 11?
10
Let x be (-18)/8*16/(-6). Let b(w) = -w + 12. Calculate the remainder when b(x) is divided by 5 + (2 - 3 - 0).
2
Let m(w) = 60*w + 4. Let c be m(4). Suppose d = 5*b + 4*d - c, 2*d = 3*b - 135. Suppose 2*g - 5*g = -36. Calculate the remainder when b is divided by g.
11
Suppose -21 = -5*g + 9. What is the remainder when g is divided by 4?
2
Suppose -3*y - 47 - 49 = 0. Let l = 107 + y. Suppose 8*j - 3*j - l = 0. Calculate the remainder when 44 is divided by j.
14
Suppose 0*x = z + 3*x + 211, 0 = -3*x + 12. Let i = -159 - z. Suppose -i = -4*w + 16. Calculate the remainder when 77 is divided by w.
17
Suppose 15 = 3*u + 2*u. Suppose 3*j - 12 = 3*z, 26*z = 22*z - 8. What is the remainder when u is divided by j?
1
Let x(u) = -u**3 - 3*u**2 - 3*u + 3. Let m be x(-3). Let s = m + -2. Let v = -11 - -40.